s the units digit of 4434?
4
What is the units digit of 3826?
6
What is the ten thousands digit of 118500?
1
What is the tens digit of 1836?
3
What is the tens digit of 15799?
9
What is the thousands digit of 1439?
1
What is the hundreds digit of 37887?
8
What is the hundreds digit of 9049?
0
What is the units digit of 26790?
0
What is the hundreds digit of 10871?
8
What is the units digit of 145232?
2
What is the thousands digit of 1342?
1
What is the thousands digit of 6454?
6
What is the tens digit of 4521?
2
What is the ten thousands digit of 66963?
6
What is the tens digit of 132?
3
What is the units digit of 955?
5
What is the thousands digit of 148596?
8
What is the hundreds digit of 45035?
0
What is the thousands digit of 26492?
6
What is the hundreds digit of 19963?
9
What is the units digit of 11233?
3
What is the units digit of 14628?
8
What is the hundreds digit of 2149?
1
What is the tens digit of 6630?
3
What is the hundreds digit of 5603?
6
What is the hundreds digit of 5438?
4
What is the tens digit of 507?
0
What is the thousands digit of 18471?
8
What is the thousands digit of 111215?
1
What is the tens digit of 23427?
2
What is the hundreds digit of 591?
5
What is the thousands digit of 5229?
5
What is the tens digit of 3713?
1
What is the thousands digit of 2779?
2
What is the tens digit of 33960?
6
What is the hundreds digit of 2057?
0
What is the units digit of 19729?
9
What is the hundreds digit of 69626?
6
What is the hundreds digit of 3674?
6
What is the hundreds digit of 16002?
0
What is the thousands digit of 31476?
1
What is the tens digit of 3566?
6
What is the units digit of 1450?
0
What is the units digit of 6334?
4
What is the thousands digit of 52824?
2
What is the units digit of 412?
2
What is the units digit of 979?
9
What is the tens digit of 22813?
1
What is the units digit of 21896?
6
What is the thousands digit of 31786?
1
What is the tens digit of 734?
3
What is the hundreds digit of 28195?
1
What is the thousands digit of 5154?
5
What is the hundreds digit of 19433?
4
What is the tens digit of 63874?
7
What is the thousands digit of 2111?
2
What is the tens digit of 8721?
2
What is the hundred thousands digit of 149055?
1
What is the thousands digit of 63573?
3
What is the units digit of 112244?
4
What is the units digit of 11845?
5
What is the hundreds digit of 1841?
8
What is the units digit of 304?
4
What is the hundreds digit of 2730?
7
What is the hundreds digit of 1309?
3
What is the units digit of 1175?
5
What is the tens digit of 3642?
4
What is the tens digit of 941?
4
What is the tens digit of 22699?
9
What is the thousands digit of 7373?
7
What is the thousands digit of 5697?
5
What is the thousands digit of 1322?
1
What is the ten thousands digit of 43854?
4
What is the thousands digit of 1400?
1
What is the units digit of 83?
3
What is the thousands digit of 9287?
9
What is the ten thousands digit of 48702?
4
What is the hundreds digit of 1940?
9
What is the units digit of 1685?
5
What is the hundreds digit of 81749?
7
What is the thousands digit of 36881?
6
What is the thousands digit of 119994?
9
What is the tens digit of 3757?
5
What is the tens digit of 1465?
6
What is the units digit of 5001?
1
What is the units digit of 92024?
4
What is the hundreds digit of 67341?
3
What is the hundreds digit of 6971?
9
What is the hundreds digit of 1480?
4
What is the thousands digit of 48190?
8
What is the units digit of 7?
7
What is the units digit of 2201?
1
What is the units digit of 37882?
2
What is the hundreds digit of 976?
9
What is the units digit of 680?
0
What is the units digit of 214?
4
What is the hundreds digit of 516?
5
What is the hundreds digit of 25862?
8
What is the ten thousands digit of 65725?
6
What is the units digit of 731?
1
What is the units digit of 1022?
2
What is the tens digit of 874?
7
What is the thousands digit of 51438?
1
What is the units digit of 36232?
2
What is the hundreds digit of 8323?
3
What is the tens digit of 460?
6
What is the hundreds digit of 80759?
7
What is the ten thousands digit of 88514?
8
What is the ten thousands digit of 14606?
1
What is the tens digit of 52864?
6
What is the units digit of 314?
4
What is the tens digit of 1261?
6
What is the thousands digit of 2487?
2
What is the tens digit of 10504?
0
What is the ten thousands digit of 64864?
6
What is the hundreds digit of 71468?
4
What is the hundreds digit of 141943?
9
What is the ten thousands digit of 77367?
7
What is the hundreds digit of 4021?
0
What is the thousands digit of 1892?
1
What is the units digit of 19136?
6
What is the tens digit of 85742?
4
What is the tens digit of 16775?
7
What is the hundreds digit of 1510?
5
What is the hundreds digit of 3571?
5
What is the tens digit of 39309?
0
What is the tens digit of 5209?
0
What is the hundreds digit of 932?
9
What is the units digit of 6916?
6
What is the hundreds digit of 112383?
3
What is the thousands digit of 98954?
8
What is the tens digit of 4067?
6
What is the tens digit of 14780?
8
What is the hundreds digit of 9227?
2
What is the tens digit of 28075?
7
What is the ten thousands digit of 10464?
1
What is the units digit of 37017?
7
What is the units digit of 34637?
7
What is the hundreds digit of 3609?
6
What is the hundreds digit of 168628?
6
What is the thousands digit of 4931?
4
What is the hundreds digit of 1165?
1
What is the ten thousands digit of 33147?
3
What is the hundreds digit of 1241?
2
What is the hundreds digit of 8352?
3
What is the units digit of 14422?
2
What is the hundreds digit of 2443?
4
What is the tens digit of 40732?
3
What is the tens digit of 415?
1
What is the tens digit of 18723?
2
What is the hundreds digit of 2770?
7
What is the units digit of 2839?
9
What is the ten thousands digit of 24124?
2
What is the units digit of 2326?
6
What is the tens digit of 7331?
3
What is the hundreds digit of 52029?
0
What is the units digit of 1968?
8
What is the units digit of 61053?
3
What is the tens digit of 17887?
8
What is the hundreds digit of 102085?
0
What is the ten thousands digit of 24865?
2
What is the thousands digit of 3143?
3
What is the hundreds digit of 7534?
5
What is the ten thousands digit of 49435?
4
What is the units digit of 518?
8
What is the units digit of 25224?
4
What is the thousands digit of 10340?
0
What is the ten thousands digit of 15530?
1
What is the tens digit of 1333?
3
What is the units digit of 747?
7
What is the tens digit of 4516?
1
What is the tens digit of 37?
3
What is the tens digit of 95569?
6
What is the tens digit of 3519?
1
What is the ten thousands digit of 31378?
3
What is the hundreds digit of 3983?
9
What is the hundreds digit of 6789?
7
What is the tens digit of 168055?
5
What is the ten thousands digit of 11413?
1
What is the thousands digit of 3740?
3
What is the hundreds digit of 886?
8
What is the hundreds digit of 17281?
2
What is the thousands digit of 2288?
2
What is the tens digit of 1566?
6
What is the thousands digit of 7605?
7
What is the hundreds digit of 664?
6
What is the tens digit of 2355?
5
What is the hundreds digit of 1970?
9
What is the tens digit of 4270?
7
What is the units digit of 4411?
1
What is the hundreds digit of 55125?
1
What is the hundreds digit of 2177?
1
What is the units digit of 7243?
3
What is the tens digit of 6742?
4
What is the hundreds digit of 201?
2
What is the units digit of 5333?
3
What is the units digit of 13992?
2
What is the hundreds digit of 120?
1
What is the units digit of 651?
1
What is the units digit of 127813?
3
What is the hundreds digit of 188?
1
What is the ten thousands digit of 14133?
1
What is the units digit of 6?
6
What is the units digit of 1490?
0
What is the units digit of 1970?
0
What is the units digit of 36598?
8
What is the units digit of 9148?
8
What is the thousands digit of 3328?
3
What is the thousands digit of 1775?
1
What is the tens digit of 4997?
9
What is the units digit of 5063?
3
What is the units digit of 6179?
9
What is the thousands digit of 23058?
3
What is the tens digit of 1298?
9
What is the ten thousands digit of 23053?
2
What is the units digit of 1927?
7
What is the tens digit of 103071?
7
What is the hundreds digit of 854?
8
What is the hundreds digit of 80